{"id":846,"date":"2024-12-16T23:41:18","date_gmt":"2024-12-16T23:41:18","guid":{"rendered":"https:\/\/synergia-bdc.com\/?page_id=846"},"modified":"2025-01-20T19:11:04","modified_gmt":"2025-01-20T19:11:04","slug":"diadia","status":"publish","type":"page","link":"https:\/\/synergia-bdc.com\/index.php\/diadia\/","title":{"rendered":"Asistencias Dia a Dia"},"content":{"rendered":"","protected":true},"excerpt":{"rendered":"","protected":true},"author":1,"featured_media":1176,"parent":0,"menu_order":0,"comment_status":"closed","ping_status":"closed","template":"","meta":{"site-sidebar-layout":"no-sidebar","site-content-layout":"","ast-site-content-layout":"full-width-container","site-content-style":"default","site-sidebar-style":"default","ast-global-header-display":"","ast-banner-title-visibility":"","ast-main-header-display":"","ast-hfb-above-header-display":"","ast-hfb-below-header-display":"","ast-hfb-mobile-header-display":"","site-post-title":"disabled","ast-breadcrumbs-content":"","ast-featured-img":"disabled","footer-sml-layout":"","theme-transparent-header-meta":"","adv-header-id-meta":"","stick-header-meta":"","header-above-stick-meta":"","header-main-stick-meta":"","header-below-stick-meta":"","astra-migrate-meta-layouts":"default","ast-page-background-enabled":"default","ast-page-background-meta":{"desktop":{"background-color":"var(--ast-global-color-4)","background-image":"","background-repeat":"repeat","background-position":"center center","background-size":"auto","background-attachment":"scroll","background-type":"","background-media":"","overlay-type":"","overlay-color":"","overlay-opacity":"","overlay-gradient":""},"tablet":{"background-color":"","background-image":"","background-repeat":"repeat","background-position":"center center","background-size":"auto","background-attachment":"scroll","background-type":"","background-media":"","overlay-type":"","overlay-color":"","overlay-opacity":"","overlay-gradient":""},"mobile":{"background-color":"","background-image":"","background-repeat":"repeat","background-position":"center center","background-size":"auto","background-attachment":"scroll","background-type":"","background-media":"","overlay-type":"","overlay-color":"","overlay-opacity":"","overlay-gradient":""}},"ast-content-background-meta":{"desktop":{"background-color":"var(--ast-global-color-5)","background-image":"","background-repeat":"repeat","background-position":"center center","background-size":"auto","background-attachment":"scroll","background-type":"","background-media":"","overlay-type":"","overlay-color":"","overlay-opacity":"","overlay-gradient":""},"tablet":{"background-color":"var(--ast-global-color-5)","background-image":"","background-repeat":"repeat","background-position":"center center","background-size":"auto","background-attachment":"scroll","background-type":"","background-media":"","overlay-type":"","overlay-color":"","overlay-opacity":"","overlay-gradient":""},"mobile":{"background-color":"var(--ast-global-color-5)","background-image":"","background-repeat":"repeat","background-position":"center center","background-size":"auto","background-attachment":"scroll","background-type":"","background-media":"","overlay-type":"","overlay-color":"","overlay-opacity":"","overlay-gradient":""}},"footnotes":""},"class_list":["post-846","page","type-page","status-publish","post-password-required","hentry"],"yoast_head":"<!-- This site is optimized with the Yoast SEO plugin v23.4 - https:\/\/yoast.com\/wordpress\/plugins\/seo\/ -->\n<title>D\u00eda a D\u00eda | Synergia BDC | Estrategias Empresariales en Acci\u00f3n<\/title>\n<meta name=\"description\" content=\"Descubre c\u00f3mo Synergia BDC implementa estrategias diarias para ayudar a las empresas a optimizar sus resultados.\" \/>\n<meta name=\"robots\" content=\"index, follow, max-snippet:-1, max-image-preview:large, max-video-preview:-1\" \/>\n<link rel=\"canonical\" href=\"https:\/\/synergia-bdc.com\/index.php\/diadia\/\" \/>\n<meta property=\"og:locale\" content=\"en_US\" \/>\n<meta property=\"og:type\" content=\"article\" \/>\n<meta property=\"og:title\" content=\"D\u00eda a D\u00eda | Synergia BDC | Estrategias Empresariales en Acci\u00f3n\" \/>\n<meta property=\"og:description\" content=\"Descubre c\u00f3mo Synergia BDC implementa estrategias diarias para ayudar a las empresas a optimizar sus resultados.\" \/>\n<meta property=\"og:url\" content=\"https:\/\/synergia-bdc.com\/index.php\/diadia\/\" \/>\n<meta property=\"og:site_name\" content=\"Synergia Business Development Center\" \/>\n<meta property=\"article:modified_time\" content=\"2025-01-20T19:11:04+00:00\" \/>\n<meta name=\"twitter:card\" content=\"summary_large_image\" \/>\n<meta name=\"twitter:label1\" content=\"Est. reading time\" \/>\n\t<meta name=\"twitter:data1\" content=\"4 minutes\" \/>\n<script type=\"application\/ld+json\" class=\"yoast-schema-graph\">{\"@context\":\"https:\/\/schema.org\",\"@graph\":[{\"@type\":\"WebPage\",\"@id\":\"https:\/\/synergia-bdc.com\/index.php\/diadia\/\",\"url\":\"https:\/\/synergia-bdc.com\/index.php\/diadia\/\",\"name\":\"D\u00eda a D\u00eda | Synergia BDC | Estrategias Empresariales en Acci\u00f3n\",\"isPartOf\":{\"@id\":\"https:\/\/synergia-bdc.com\/#website\"},\"datePublished\":\"2024-12-16T23:41:18+00:00\",\"dateModified\":\"2025-01-20T19:11:04+00:00\",\"breadcrumb\":{\"@id\":\"https:\/\/synergia-bdc.com\/index.php\/diadia\/#breadcrumb\"},\"inLanguage\":\"en-US\"},{\"@type\":\"WebSite\",\"@id\":\"https:\/\/synergia-bdc.com\/#website\",\"url\":\"https:\/\/synergia-bdc.com\/\",\"name\":\"Synergia Business Development Center\",\"description\":\"\",\"potentialAction\":[{\"@type\":\"SearchAction\",\"target\":{\"@type\":\"EntryPoint\",\"urlTemplate\":\"https:\/\/synergia-bdc.com\/?s={search_term_string}\"},\"query-input\":{\"@type\":\"PropertyValueSpecification\",\"valueRequired\":true,\"valueName\":\"search_term_string\"}}],\"inLanguage\":\"en-US\"}]}<\/script>\n<!-- \/ Yoast SEO plugin. -->","yoast_head_json":{"title":"D\u00eda a D\u00eda | Synergia BDC | Estrategias Empresariales en Acci\u00f3n","description":"Descubre c\u00f3mo Synergia BDC implementa estrategias diarias para ayudar a las empresas a optimizar sus resultados.","robots":{"index":"index","follow":"follow","max-snippet":"max-snippet:-1","max-image-preview":"max-image-preview:large","max-video-preview":"max-video-preview:-1"},"canonical":"https:\/\/synergia-bdc.com\/index.php\/diadia\/","og_locale":"en_US","og_type":"article","og_title":"D\u00eda a D\u00eda | Synergia BDC | Estrategias Empresariales en Acci\u00f3n","og_description":"Descubre c\u00f3mo Synergia BDC implementa estrategias diarias para ayudar a las empresas a optimizar sus resultados.","og_url":"https:\/\/synergia-bdc.com\/index.php\/diadia\/","og_site_name":"Synergia Business Development Center","article_modified_time":"2025-01-20T19:11:04+00:00","twitter_card":"summary_large_image","twitter_misc":{"Est. reading time":"4 minutes"},"schema":{"@context":"https:\/\/schema.org","@graph":[{"@type":"WebPage","@id":"https:\/\/synergia-bdc.com\/index.php\/diadia\/","url":"https:\/\/synergia-bdc.com\/index.php\/diadia\/","name":"D\u00eda a D\u00eda | Synergia BDC | Estrategias Empresariales en Acci\u00f3n","isPartOf":{"@id":"https:\/\/synergia-bdc.com\/#website"},"datePublished":"2024-12-16T23:41:18+00:00","dateModified":"2025-01-20T19:11:04+00:00","breadcrumb":{"@id":"https:\/\/synergia-bdc.com\/index.php\/diadia\/#breadcrumb"},"inLanguage":"en-US"},{"@type":"WebSite","@id":"https:\/\/synergia-bdc.com\/#website","url":"https:\/\/synergia-bdc.com\/","name":"Synergia Business Development Center","description":"","potentialAction":[{"@type":"SearchAction","target":{"@type":"EntryPoint","urlTemplate":"https:\/\/synergia-bdc.com\/?s={search_term_string}"},"query-input":{"@type":"PropertyValueSpecification","valueRequired":true,"valueName":"search_term_string"}}],"inLanguage":"en-US"}]}},"_links":{"self":[{"href":"https:\/\/synergia-bdc.com\/index.php\/wp-json\/wp\/v2\/pages\/846","targetHints":{"allow":["GET"]}}],"collection":[{"href":"https:\/\/synergia-bdc.com\/index.php\/wp-json\/wp\/v2\/pages"}],"about":[{"href":"https:\/\/synergia-bdc.com\/index.php\/wp-json\/wp\/v2\/types\/page"}],"author":[{"embeddable":true,"href":"https:\/\/synergia-bdc.com\/index.php\/wp-json\/wp\/v2\/users\/1"}],"replies":[{"embeddable":true,"href":"https:\/\/synergia-bdc.com\/index.php\/wp-json\/wp\/v2\/comments?post=846"}],"version-history":[{"count":51,"href":"https:\/\/synergia-bdc.com\/index.php\/wp-json\/wp\/v2\/pages\/846\/revisions"}],"predecessor-version":[{"id":1195,"href":"https:\/\/synergia-bdc.com\/index.php\/wp-json\/wp\/v2\/pages\/846\/revisions\/1195"}],"wp:featuredmedia":[{"embeddable":true,"href":"https:\/\/synergia-bdc.com\/index.php\/wp-json\/wp\/v2\/media\/1176"}],"wp:attachment":[{"href":"https:\/\/synergia-bdc.com\/index.php\/wp-json\/wp\/v2\/media?parent=846"}],"curies":[{"name":"wp","href":"https:\/\/api.w.org\/{rel}","templated":true}]}}